{"id":8394,"date":"2018-11-24T22:32:14","date_gmt":"2018-11-24T21:32:14","guid":{"rendered":"https:\/\/odplywy.com.pl\/old\/?page_id=8394"},"modified":"2021-02-23T09:56:56","modified_gmt":"2021-02-23T08:56:56","slug":"o-fabryce","status":"publish","type":"page","link":"https:\/\/odplywy.com.pl\/old\/o-fabryce\/","title":{"rendered":"O fabryce"},"content":{"rendered":"<p>[vc_row equal_height=&#8221;yes&#8221; content_placement=&#8221;middle&#8221; content_width=&#8221;grid&#8221;][vc_column width=&#8221;1\/2&#8243;][vc_empty_space][vc_single_image image=&#8221;8398&#8243; img_size=&#8221;full&#8221;][vc_empty_space][\/vc_column][vc_column width=&#8221;1\/2&#8243;][vc_empty_space][vc_column_text]<\/p>\n<h2>Fabryka odp\u0142yw\u00f3w powsta\u0142a<\/h2>\n<p>w roku 1998 roku, na fundamentach rodzinnej firmy specjalizuj\u0105cej si\u0119 w produkcji wyrob\u00f3w z nierdzewnej stali szlachetnej.<br \/>\nOd tamtego czasu przeszli\u015bmy przez wiele etap\u00f3w. Na podstawie informacji od naszych Klient\u00f3w dostosowywali\u015bmy nasz\u0105 ofert\u0119 produktow\u0105, zdobyli\u015bmy dziesi\u0105tki tysi\u0119cy nowych Klient\u00f3w a obecni jeste\u015bmy ju\u017c nie tylko w Polsce ale r\u00f3wnie\u017c na wymagaj\u0105cych rynkach Niemiec, Francji, Wielkiej Brytanii a tak\u017ce Hiszpanii, W\u0142och czy Ukrainy.<\/p>\n<h3>G\u0142\u00f3wnymi odbiorcami naszych produkt\u00f3w s\u0105&#8230;<\/h3>\n<p>wykonawcy, inwestorzy, sklepy, hurtownie, dystrybutorzy. Dla Klient\u00f3w indywidualnych otworzyli\u015bmy nasz sklep internetowy w kt\u00f3rym mo\u017cna znale\u017a\u0107 najbardziej popularny asortyment.[\/vc_column_text][vc_empty_space][\/vc_column][\/vc_row][vc_row full_width=&#8221;stretch_row&#8221; content_width=&#8221;grid&#8221; css=&#8221;.vc_custom_1597992193342{background-color: #efefef !important;}&#8221;][vc_column][vc_empty_space height=&#8221;100px&#8221;][vc_column_text]<\/p>\n<h3>Pocz\u0105tkowo odp\u0142ywy wytwarzane by\u0142y &#8230;<\/h3>\n<p>poprzez r\u0119czne ci\u0119cie, gi\u0119cie, spawanie i polerowanie stali nierdzewnej. Od tamtego czasu wiele si\u0119 zmieni\u0142o i w naszym parku maszynowym od 2010 roku znajduj\u0105 si\u0119 <b>maszyny sterowane cyfrowo<\/b>, kt\u00f3re zast\u0105pi\u0142y wiele prac r\u0119cznych. Jeden element natomiast si\u0119 nie zmieni\u0142 na przestrzeni lat \u2013 ka\u017cdy <a href=\"https:\/\/odplywy.com.pl\/old\/\">odp\u0142yw<\/a> jest na ko\u0144cu polerowany, czyszczony, mierzony i ogl\u0105dany przez cz\u0142owieka w celu wykrycia ewentualnych niedoskona\u0142o\u015bci. To dzi\u0119ki naszym pracownikom, kontroluj\u0105cym jako\u015b\u0107 <b>jeste\u015bmy w stanie wyr\u00f3\u017cni\u0107 si\u0119 na rynku, na rynku kt\u00f3ry oczekuje wysokiej jako\u015bci.<\/b>[\/vc_column_text][vc_empty_space height=&#8221;100px&#8221;][\/vc_column][\/vc_row][vc_row content_width=&#8221;grid&#8221;][vc_column width=&#8221;1\/2&#8243;][vc_empty_space][vc_column_text]<\/p>\n<h3>W naszej produkcji&#8230;<\/h3>\n<p>u\u017cywamy nie tylko <b>najwy\u017cszej jako\u015bci maszyn i sprz\u0119tu ale r\u00f3wnie\u017c najwy\u017cszej jako\u015bci materia\u0142\u00f3w<\/b>. Stal u\u017cywana do produkcji jest stal\u0105 certyfikowan\u0105, co gwarantuje jako\u015b\u0107 surowca oraz trzymanie parametr\u00f3w. Dla u\u017cytkownika oznacza to to \u017ce stal b\u0119dzie stabilnie zachowywa\u0107 si\u0119 w czasie a jaj w\u0142a\u015bciwo\u015b\u0107 jak\u0105 jest brak rdzewienia b\u0119dzie zachowana na d\u0142ugie lata.[\/vc_column_text][vc_empty_space height=&#8221;20px&#8221;][vc_column_text]<\/p>\n<h3>Sukces naszej firmy jest zwi\u0105zany&#8230;<\/h3>\n<p>z tym, \u017ce zawsze priorytetem dla nas by\u0142a jako\u015b\u0107 produkt\u00f3w dostarczanych na rynek. <b>Ca\u0142a nasza produkcja kr\u0119ci si\u0119 wok\u00f3\u0142 jako\u015bci i zadowolenia Klienta i warto\u015bci kt\u00f3ra mu dostarczamy<\/b>. Jeste\u015bmy pewni, \u017ce nasze <a href=\"https:\/\/odplywy.com.pl\/old\/odplywy-liniowe\/\">odp\u0142ywy liniowe<\/a> oraz <a href=\"https:\/\/odplywy.com.pl\/old\/odplywy-punktowe\/\">odp\u0142ywy punktowe<\/a> mo\u017cna \u0142atwo i bezproblemowo zainstalowa\u0107, ich trwa\u0142o\u015b\u0107 przewy\u017cszy produkty konkurencyjne a do tego jeszcze bardzo \u0142adnie si\u0119 prezentuj\u0105 zar\u00f3wno w nowoczesnych \u0142azienkach jak i tych w stylu retro.[\/vc_column_text][vc_empty_space][\/vc_column][vc_column width=&#8221;1\/2&#8243;][vc_empty_space][vc_single_image image=&#8221;8400&#8243; img_size=&#8221;full&#8221;][vc_empty_space][\/vc_column][\/vc_row][vc_row css=&#8221;.vc_custom_1543099677150{background-color: #efefef !important;}&#8221;][vc_column][vc_empty_space][vc_column_text]<\/p>\n<p style=\"text-align: center;\">Nasza firma jest zlokalizowana w Wyszkowie (woj. mazowieckie). Posiadamy tutaj swoje hale produkcyjne i magazyny.<\/p>\n<p>[\/vc_column_text][vc_empty_space][vc_column_text]<\/p>\n<p style=\"text-align: center; text-decoration: underline;\">Znajdziesz nas tutaj:<\/p>\n<h3 style=\"text-align: center;\"><a href=\"https:\/\/odplywy.com.pl\/old\/\">Odplywy.com.pl<\/a><br \/>\nSasena Marta Katner<br \/>\nul. Lotnik\u00f3w 2<br \/>\n07-201 Wyszk\u00f3w<\/h3>\n<p>[\/vc_column_text][vc_empty_space][\/vc_column][\/vc_row]<\/p>\n","protected":false},"excerpt":{"rendered":"<p>[vc_row equal_height=&#8221;yes&#8221; content_placement=&#8221;middle&#8221; content_width=&#8221;grid&#8221;][vc_column width=&#8221;1\/2&#8243;][vc_empty_space][vc_single_image image=&#8221;8398&#8243; img_size=&#8221;full&#8221;][vc_empty_space][\/vc_column][vc_column width=&#8221;1\/2&#8243;][vc_empty_space][vc_column_text] Fabryka odp\u0142yw\u00f3w powsta\u0142a w roku 1998 roku, na fundamentach rodzinnej firmy specjalizuj\u0105cej si\u0119 w produkcji wyrob\u00f3w z nierdzewnej stali szlachetnej. Od tamtego<\/p>\n","protected":false},"author":8,"featured_media":0,"parent":0,"menu_order":0,"comment_status":"closed","ping_status":"closed","template":"template-page-centered-fullwidth.php","meta":[],"_links":{"self":[{"href":"https:\/\/odplywy.com.pl\/old\/wp-json\/wp\/v2\/pages\/8394"}],"collection":[{"href":"https:\/\/odplywy.com.pl\/old\/wp-json\/wp\/v2\/pages"}],"about":[{"href":"https:\/\/odplywy.com.pl\/old\/wp-json\/wp\/v2\/types\/page"}],"author":[{"embeddable":true,"href":"https:\/\/odplywy.com.pl\/old\/wp-json\/wp\/v2\/users\/8"}],"replies":[{"embeddable":true,"href":"https:\/\/odplywy.com.pl\/old\/wp-json\/wp\/v2\/comments?post=8394"}],"version-history":[{"count":38,"href":"https:\/\/odplywy.com.pl\/old\/wp-json\/wp\/v2\/pages\/8394\/revisions"}],"predecessor-version":[{"id":10354,"href":"https:\/\/odplywy.com.pl\/old\/wp-json\/wp\/v2\/pages\/8394\/revisions\/10354"}],"wp:attachment":[{"href":"https:\/\/odplywy.com.pl\/old\/wp-json\/wp\/v2\/media?parent=8394"}],"curies":[{"name":"wp","href":"https:\/\/api.w.org\/{rel}","templated":true}]}}